{"id":13,"date":"2025-07-07T09:01:13","date_gmt":"2025-07-07T09:01:13","guid":{"rendered":"https:\/\/www.onecca.cm\/?page_id=13"},"modified":"2025-07-21T10:20:17","modified_gmt":"2025-07-21T10:20:17","slug":"lonecca-en-bref","status":"publish","type":"page","link":"https:\/\/www.onecca.cm\/index.php\/lonecca\/a-propos-de-lordre\/lonecca-en-bref\/","title":{"rendered":"l&rsquo;ONECCA en bref"},"content":{"rendered":"<div class=\"fusion-fullwidth fullwidth-box fusion-builder-row-1 fusion-flex-container has-pattern-background has-mask-background nonhundred-percent-fullwidth non-hundred-percent-height-scrolling\" style=\"--awb-border-radius-top-left:0px;--awb-border-radius-top-right:0px;--awb-border-radius-bottom-right:0px;--awb-border-radius-bottom-left:0px;--awb-flex-wrap:wrap;\" ><div class=\"fusion-builder-row fusion-row fusion-flex-align-items-flex-start fusion-flex-content-wrap\" style=\"max-width:1300px;margin-left: calc(-4% \/ 2 );margin-right: calc(-4% \/ 2 );\"><div class=\"fusion-layout-column fusion_builder_column fusion-builder-column-0 fusion_builder_column_1_1 1_1 fusion-flex-column\" style=\"--awb-bg-size:cover;--awb-width-large:100%;--awb-margin-top-large:0px;--awb-spacing-right-large:1.92%;--awb-margin-bottom-large:20px;--awb-spacing-left-large:1.92%;--awb-width-medium:100%;--awb-order-medium:0;--awb-spacing-right-medium:1.92%;--awb-spacing-left-medium:1.92%;--awb-width-small:100%;--awb-order-small:0;--awb-spacing-right-small:1.92%;--awb-spacing-left-small:1.92%;\"><div class=\"fusion-column-wrapper fusion-column-has-shadow fusion-flex-justify-content-flex-start fusion-content-layout-column\"><div class=\"fusion-text fusion-text-1\"><h3 data-fontsize=\"36\" style=\"--fontSize: 36; line-height: 1.2;\" data-lineheight=\"43.2px\" class=\"fusion-responsive-typography-calculated\">Une institution au service de la r\u00e9gulation comptable au Cameroun<\/h3>\n<p>L\u2019<strong>Ordre National des Experts-Comptables du Cameroun (ONECCA)<\/strong> a \u00e9t\u00e9 cr\u00e9\u00e9 par la <strong>loi n\u00b085\/011 du 11 d\u00e9cembre 1985<\/strong>. Plac\u00e9 sous la tutelle du <strong>Minist\u00e8re des Finances<\/strong>, l\u2019Ordre est l\u2019organisme professionnel charg\u00e9 de <strong>r\u00e9guler la profession comptable<\/strong> au Cameroun.<\/p>\n<p>D\u00e8s sa cr\u00e9ation, l\u2019ONECCA a \u00e9t\u00e9 con\u00e7u comme une <strong>institution d\u2019utilit\u00e9 publique<\/strong>, avec pour mission de garantir :<\/p>\n<ul>\n<li>la <strong>qualit\u00e9<\/strong> des prestations comptables ;<\/li>\n<li>le respect de l\u2019<strong>\u00e9thique professionnelle<\/strong> ;<\/li>\n<li>et la <strong>transparence<\/strong> dans les services financiers.<\/li>\n<\/ul>\n<h3 data-fontsize=\"36\" style=\"--fontSize: 36; line-height: 1.2;\" data-lineheight=\"43.2px\" class=\"fusion-responsive-typography-calculated\">Un cadre l\u00e9gal renforc\u00e9<\/h3>\n<p>La mission de l\u2019Ordre a \u00e9t\u00e9 consolid\u00e9e par la <strong>loi n\u00b02011\/009 du 6 mai 2011<\/strong>, qui stipule que <em>nul ne peut exercer la profession d\u2019expert-comptable au Cameroun sans \u00eatre inscrit \u00e0 l\u2019ONECCA<\/em>.<\/p>\n<p>Ainsi, l\u2019Ordre constitue le <strong>garant l\u00e9gal<\/strong> de la profession, charg\u00e9 :<\/p>\n<ul>\n<li>d&rsquo;encadrer ses membres ;<\/li>\n<li>de veiller au respect des normes professionnelles ;<\/li>\n<li>et de prot\u00e9ger l\u2019<strong>int\u00e9r\u00eat g\u00e9n\u00e9ral<\/strong> en mati\u00e8re de <strong>gouvernance financi\u00e8re<\/strong>.<\/li>\n<\/ul>\n<h3 data-fontsize=\"36\" style=\"--fontSize: 36; line-height: 1.2;\" data-lineheight=\"43.2px\" class=\"fusion-responsive-typography-calculated\">Un acteur strat\u00e9gique pour l\u2019\u00c9tat<\/h3>\n<p>L\u2019\u00e9volution de l\u2019ONECCA s\u2019inscrit dans celle du contexte \u00e9conomique camerounais. D\u2019une simple structure technique, l\u2019Ordre est devenu un <strong>partenaire strat\u00e9gique de l\u2019\u00c9tat<\/strong>, engag\u00e9 dans la lutte contre :<\/p>\n<ul>\n<li>la <strong>corruption<\/strong> ;<\/li>\n<li>la <strong>fraude fiscale<\/strong> ;<\/li>\n<li>et la <strong>mauvaise gestion<\/strong>.<\/li>\n<\/ul>\n<h3 data-fontsize=\"36\" style=\"--fontSize: 36; line-height: 1.2;\" data-lineheight=\"43.2px\" class=\"fusion-responsive-typography-calculated\">Une gouvernance forte et visionnaire<\/h3>\n<p>Au fil des ann\u00e9es, plusieurs personnalit\u00e9s ont pr\u00e9sid\u00e9 l\u2019ONECCA, chacune contribuant \u00e0 renforcer son identit\u00e9 et son rayonnement :<\/p>\n<ul>\n<li><strong>Njoh Litumbe<\/strong> (premier pr\u00e9sident),<\/li>\n<li><strong>Daniel Kapssu<\/strong>,<\/li>\n<li><strong>Beno\u00eet Ekoka<\/strong>,<\/li>\n<li><strong>Ren\u00e9 Libong<\/strong>,<\/li>\n<li><strong>L\u00e9onard Ambassa<\/strong>,<\/li>\n<li><b>William Forchu Ngwa,<\/b><\/li>\n<li>et actuellement <strong>David FOTSO<\/strong>.<\/li>\n<\/ul>\n<h3 data-fontsize=\"36\" style=\"--fontSize: 36; line-height: 1.2;\" data-lineheight=\"43.2px\" class=\"fusion-responsive-typography-calculated\">Une reconnaissance nationale et internationale<\/h3>\n<p>Aujourd\u2019hui, l\u2019ONECCA est unanimement reconnu comme un <strong>acteur cl\u00e9 du d\u00e9veloppement \u00e9conomique<\/strong> et un <strong>pilier de la bonne gouvernance<\/strong> au Cameroun.<\/p>\n<\/div><\/div><\/div><\/div><\/div>\n","protected":false},"excerpt":{"rendered":"","protected":false},"author":1,"featured_media":0,"parent":11,"menu_order":0,"comment_status":"closed","ping_status":"closed","template":"100-width.php","meta":{"footnotes":""},"class_list":["post-13","page","type-page","status-publish","hentry"],"acf":[],"_links":{"self":[{"href":"https:\/\/www.onecca.cm\/index.php\/wp-json\/wp\/v2\/pages\/13","targetHints":{"allow":["GET"]}}],"collection":[{"href":"https:\/\/www.onecca.cm\/index.php\/wp-json\/wp\/v2\/pages"}],"about":[{"href":"https:\/\/www.onecca.cm\/index.php\/wp-json\/wp\/v2\/types\/page"}],"author":[{"embeddable":true,"href":"https:\/\/www.onecca.cm\/index.php\/wp-json\/wp\/v2\/users\/1"}],"replies":[{"embeddable":true,"href":"https:\/\/www.onecca.cm\/index.php\/wp-json\/wp\/v2\/comments?post=13"}],"version-history":[{"count":5,"href":"https:\/\/www.onecca.cm\/index.php\/wp-json\/wp\/v2\/pages\/13\/revisions"}],"predecessor-version":[{"id":339,"href":"https:\/\/www.onecca.cm\/index.php\/wp-json\/wp\/v2\/pages\/13\/revisions\/339"}],"up":[{"embeddable":true,"href":"https:\/\/www.onecca.cm\/index.php\/wp-json\/wp\/v2\/pages\/11"}],"wp:attachment":[{"href":"https:\/\/www.onecca.cm\/index.php\/wp-json\/wp\/v2\/media?parent=13"}],"curies":[{"name":"wp","href":"https:\/\/api.w.org\/{rel}","templated":true}]}}