{"id":18,"date":"2025-07-07T09:02:24","date_gmt":"2025-07-07T09:02:24","guid":{"rendered":"https:\/\/www.onecca.cm\/?page_id=18"},"modified":"2025-07-17T04:44:52","modified_gmt":"2025-07-17T04:44:52","slug":"fonctionnement","status":"publish","type":"page","link":"https:\/\/www.onecca.cm\/index.php\/lonecca\/a-propos-de-lordre\/fonctionnement\/","title":{"rendered":"Fonctionnement"},"content":{"rendered":"<div class=\"fusion-fullwidth fullwidth-box fusion-builder-row-1 fusion-flex-container has-pattern-background has-mask-background nonhundred-percent-fullwidth non-hundred-percent-height-scrolling\" style=\"--awb-border-radius-top-left:0px;--awb-border-radius-top-right:0px;--awb-border-radius-bottom-right:0px;--awb-border-radius-bottom-left:0px;--awb-flex-wrap:wrap;\" ><div class=\"fusion-builder-row fusion-row fusion-flex-align-items-flex-start fusion-flex-content-wrap\" style=\"max-width:1300px;margin-left: calc(-4% \/ 2 );margin-right: calc(-4% \/ 2 );\"><div class=\"fusion-layout-column fusion_builder_column fusion-builder-column-0 fusion_builder_column_1_1 1_1 fusion-flex-column\" style=\"--awb-bg-size:cover;--awb-width-large:100%;--awb-margin-top-large:0px;--awb-spacing-right-large:1.92%;--awb-margin-bottom-large:20px;--awb-spacing-left-large:1.92%;--awb-width-medium:100%;--awb-order-medium:0;--awb-spacing-right-medium:1.92%;--awb-spacing-left-medium:1.92%;--awb-width-small:100%;--awb-order-small:0;--awb-spacing-right-small:1.92%;--awb-spacing-left-small:1.92%;\"><div class=\"fusion-column-wrapper fusion-column-has-shadow fusion-flex-justify-content-flex-start fusion-content-layout-column\"><div class=\"fusion-text fusion-text-1\"><p>Le fonctionnement de l\u2019ONECCA repose sur un ensemble de m\u00e9canismes institutionnels, op\u00e9rationnels et \u00e9thiques garantissant la r\u00e9gulation efficace de la profession comptable. L\u2019Ordre fonctionne selon les principes de transparence, de responsabilit\u00e9 et d\u2019ind\u00e9pendance. Le Conseil National se r\u00e9unit r\u00e9guli\u00e8rement pour d\u00e9lib\u00e9rer sur les grandes orientations de l\u2019Ordre, valider les programmes d\u2019activit\u00e9, approuver les admissions ou les radiations, et d\u00e9cider des mesures disciplinaires en cas de manquement professionnel.<\/p>\n<p>Chaque commission sp\u00e9cialis\u00e9e tient \u00e9galement des sessions de travail p\u00e9riodiques pour analyser les questions techniques relevant de son domaine. Le Secr\u00e9tariat G\u00e9n\u00e9ral ex\u00e9cute les d\u00e9cisions du Conseil et g\u00e8re les affaires courantes de mani\u00e8re continue. Il assure aussi le suivi administratif des dossiers d\u2019inscription, des formations, des certifications et des relations avec les institutions partenaires.<\/p>\n<p>L\u2019ONECCA organise fr\u00e9quemment des activit\u00e9s de formation continue, des ateliers techniques, des s\u00e9minaires r\u00e9gionaux, et les fameuses rencontres Business Talk, qui permettent de d\u00e9battre des enjeux \u00e9conomiques et financiers avec les professionnels et les d\u00e9cideurs. Le syst\u00e8me disciplinaire est encadr\u00e9 par des proc\u00e9dures rigoureuses, permettant de pr\u00e9server l\u2019int\u00e9grit\u00e9 de la profession.<\/p>\n<p>Par ailleurs, l\u2019Ordre fonctionne \u00e9galement avec des outils num\u00e9riques modernes, facilitant la gestion des membres, l\u2019acc\u00e8s \u00e0 la documentation, les formations en ligne, et la communication institutionnelle. Ce fonctionnement, \u00e0 la fois rigide sur les principes et souple dans la mise en \u0153uvre, permet \u00e0 l\u2019ONECCA de r\u00e9pondre efficacement aux attentes des membres, de l\u2019\u00c9tat et du public en mati\u00e8re de qualit\u00e9, de rigueur et de transparence.<\/p>\n<\/div><\/div><\/div><\/div><\/div>\n","protected":false},"excerpt":{"rendered":"","protected":false},"author":1,"featured_media":0,"parent":11,"menu_order":0,"comment_status":"closed","ping_status":"closed","template":"100-width.php","meta":{"footnotes":""},"class_list":["post-18","page","type-page","status-publish","hentry"],"acf":[],"_links":{"self":[{"href":"https:\/\/www.onecca.cm\/index.php\/wp-json\/wp\/v2\/pages\/18","targetHints":{"allow":["GET"]}}],"collection":[{"href":"https:\/\/www.onecca.cm\/index.php\/wp-json\/wp\/v2\/pages"}],"about":[{"href":"https:\/\/www.onecca.cm\/index.php\/wp-json\/wp\/v2\/types\/page"}],"author":[{"embeddable":true,"href":"https:\/\/www.onecca.cm\/index.php\/wp-json\/wp\/v2\/users\/1"}],"replies":[{"embeddable":true,"href":"https:\/\/www.onecca.cm\/index.php\/wp-json\/wp\/v2\/comments?post=18"}],"version-history":[{"count":4,"href":"https:\/\/www.onecca.cm\/index.php\/wp-json\/wp\/v2\/pages\/18\/revisions"}],"predecessor-version":[{"id":445,"href":"https:\/\/www.onecca.cm\/index.php\/wp-json\/wp\/v2\/pages\/18\/revisions\/445"}],"up":[{"embeddable":true,"href":"https:\/\/www.onecca.cm\/index.php\/wp-json\/wp\/v2\/pages\/11"}],"wp:attachment":[{"href":"https:\/\/www.onecca.cm\/index.php\/wp-json\/wp\/v2\/media?parent=18"}],"curies":[{"name":"wp","href":"https:\/\/api.w.org\/{rel}","templated":true}]}}