{"id":64,"date":"2025-07-07T09:13:52","date_gmt":"2025-07-07T09:13:52","guid":{"rendered":"https:\/\/www.onecca.cm\/?page_id=64"},"modified":"2025-08-25T16:06:26","modified_gmt":"2025-08-25T16:06:26","slug":"espace-media","status":"publish","type":"page","link":"https:\/\/www.onecca.cm\/index.php\/actualites-medias\/espace-media\/","title":{"rendered":"ESPACE M\u00c9DIA"},"content":{"rendered":"<div class=\"fusion-fullwidth fullwidth-box fusion-builder-row-1 fusion-flex-container has-pattern-background has-mask-background nonhundred-percent-fullwidth non-hundred-percent-height-scrolling\" style=\"--awb-border-radius-top-left:0px;--awb-border-radius-top-right:0px;--awb-border-radius-bottom-right:0px;--awb-border-radius-bottom-left:0px;--awb-flex-wrap:wrap;\" ><div class=\"fusion-builder-row fusion-row fusion-flex-align-items-flex-start fusion-flex-content-wrap\" style=\"max-width:1300px;margin-left: calc(-4% \/ 2 );margin-right: calc(-4% \/ 2 );\"><div class=\"fusion-layout-column fusion_builder_column fusion-builder-column-0 fusion_builder_column_1_1 1_1 fusion-flex-column\" style=\"--awb-bg-size:cover;--awb-width-large:100%;--awb-margin-top-large:0px;--awb-spacing-right-large:1.92%;--awb-margin-bottom-large:20px;--awb-spacing-left-large:1.92%;--awb-width-medium:100%;--awb-order-medium:0;--awb-spacing-right-medium:1.92%;--awb-spacing-left-medium:1.92%;--awb-width-small:100%;--awb-order-small:0;--awb-spacing-right-small:1.92%;--awb-spacing-left-small:1.92%;\"><div class=\"fusion-column-wrapper fusion-column-has-shadow fusion-flex-justify-content-flex-start fusion-content-layout-column\"><div class=\"fusion-text fusion-text-1\"><p style=\"color: var(--awb-color5); font-size: 30px;\" data-fusion-font=\"true\"><b>Phototh\u00e8que<\/b><\/p>\n<p style=\"color: var(--awb-color5); font-size: 30px;\" data-fusion-font=\"true\"><span data-fusion-font=\"true\" style=\"font-size: 18px; color: var(--awb-color8); line-height: 30.25px;\">La phototh\u00e8que met \u00e0 disposition un ensemble d\u2019images officielles prises lors des \u00e9v\u00e9nements, rencontres et activit\u00e9s de l\u2019ONECCA. Elle permet aux membres, partenaires et m\u00e9dias d\u2019acc\u00e9der \u00e0 des photos de qualit\u00e9 pour illustrer leurs communications ou rapports. Ce fonds iconographique est r\u00e9guli\u00e8rement enrichi et class\u00e9 pour faciliter la recherche<\/span><b><\/b><\/p>\n<p style=\"color: var(--awb-color5); font-size: 30px;\" data-fusion-font=\"true\"><span data-fusion-font=\"true\" style=\"font-size: 28px; color: var(--awb-color5); line-height: 30.25px;\"><b>Contact Presse<\/b><\/span><\/p>\n<p style=\"color: var(--awb-color5); font-size: 30px;\" data-fusion-font=\"true\"><span data-fusion-font=\"true\" style=\"font-size: 28px; color: var(--awb-color5); line-height: 30.25px;\"><span style=\"color: var(--awb-color8); font-size: 18px;\" data-fusion-font=\"true\">Le service de contact presse met \u00e0 disposition les coordonn\u00e9es des responsables de la communication et des relations m\u00e9dias. Il facilite les demandes d\u2019interviews, les accr\u00e9ditations, et la diffusion des communiqu\u00e9s officiels aupr\u00e8s des journalistes et organes de presse. Ce contact est essentiel pour assurer une bonne couverture m\u00e9diatique des activit\u00e9s de l\u2019Ordre.<\/span><b><\/b><\/span><\/p>\n<p style=\"color: var(--awb-color5); font-size: 30px;\" data-fusion-font=\"true\"><span data-fusion-font=\"true\" style=\"font-size: 28px; color: var(--awb-color5); line-height: 30.25px;\"><span style=\"color: var(--awb-color5); font-size: 28px;\" data-fusion-font=\"true\"><b>Ressources M\u00e9dia (Logo,\u2026)<\/b><\/span><\/span><\/p>\n<p style=\"color: var(--awb-color5); font-size: 30px;\" data-fusion-font=\"true\"><span data-fusion-font=\"true\" style=\"font-size: 28px; color: var(--awb-color5); line-height: 30.25px;\"><span style=\"color: var(--awb-color5); font-size: 28px;\" data-fusion-font=\"true\"><span style=\"color: var(--awb-color8); font-size: 18px;\" data-fusion-font=\"true\">L\u2019espace ressources propose les \u00e9l\u00e9ments graphiques officiels de l\u2019ONECCA, notamment les logos et chartes graphiques, destin\u00e9s \u00e0 une utilisation conforme par les partenaires et membres. Ces ressources facilitent la communication institutionnelle en garantissant une identit\u00e9 visuelle coh\u00e9rente et professionnelle.<\/span><b><\/b><\/span><\/span><\/p>\n<p style=\"color: var(--awb-color5); font-size: 30px;\" data-fusion-font=\"true\"><span data-fusion-font=\"true\" style=\"font-size: 28px; color: var(--awb-color5); line-height: 30.25px;\"><span style=\"color: var(--awb-color5); font-size: 28px;\" data-fusion-font=\"true\"><span style=\"color: var(--awb-color5); font-size: 28px;\" data-fusion-font=\"true\"><b>ONECCA TV (Vid\u00e9os)<\/b><\/span><\/span><\/span><\/p>\n<p style=\"color: var(--awb-color5); font-size: 30px;\" data-fusion-font=\"true\"><span data-fusion-font=\"true\" style=\"font-size: 28px; color: var(--awb-color5); line-height: 30.25px;\"><span style=\"color: var(--awb-color5); font-size: 28px;\" data-fusion-font=\"true\"><span style=\"color: var(--awb-color5); font-size: 28px;\" data-fusion-font=\"true\"><span data-fusion-font=\"true\" style=\"font-size: 18px; color: var(--awb-color8);\">ONECCA TV est la plateforme vid\u00e9o officielle de l\u2019Ordre, regroupant des enregistrements d\u2019interviews, de conf\u00e9rences, de webinaires, et autres contenus audiovisuels. Cette cha\u00eene permet de diffuser les messages institutionnels, de valoriser les activit\u00e9s de l\u2019Ordre et d\u2019offrir un contenu p\u00e9dagogique accessible \u00e0 tous les membres et au public int\u00e9ress\u00e9.<\/span><b><\/b><\/span><\/span><\/span><\/p>\n<\/div><\/div><\/div><\/div><\/div>\n","protected":false},"excerpt":{"rendered":"","protected":false},"author":1,"featured_media":0,"parent":58,"menu_order":0,"comment_status":"closed","ping_status":"closed","template":"100-width.php","meta":{"footnotes":""},"class_list":["post-64","page","type-page","status-publish","hentry"],"acf":[],"_links":{"self":[{"href":"https:\/\/www.onecca.cm\/index.php\/wp-json\/wp\/v2\/pages\/64","targetHints":{"allow":["GET"]}}],"collection":[{"href":"https:\/\/www.onecca.cm\/index.php\/wp-json\/wp\/v2\/pages"}],"about":[{"href":"https:\/\/www.onecca.cm\/index.php\/wp-json\/wp\/v2\/types\/page"}],"author":[{"embeddable":true,"href":"https:\/\/www.onecca.cm\/index.php\/wp-json\/wp\/v2\/users\/1"}],"replies":[{"embeddable":true,"href":"https:\/\/www.onecca.cm\/index.php\/wp-json\/wp\/v2\/comments?post=64"}],"version-history":[{"count":2,"href":"https:\/\/www.onecca.cm\/index.php\/wp-json\/wp\/v2\/pages\/64\/revisions"}],"predecessor-version":[{"id":414,"href":"https:\/\/www.onecca.cm\/index.php\/wp-json\/wp\/v2\/pages\/64\/revisions\/414"}],"up":[{"embeddable":true,"href":"https:\/\/www.onecca.cm\/index.php\/wp-json\/wp\/v2\/pages\/58"}],"wp:attachment":[{"href":"https:\/\/www.onecca.cm\/index.php\/wp-json\/wp\/v2\/media?parent=64"}],"curies":[{"name":"wp","href":"https:\/\/api.w.org\/{rel}","templated":true}]}}